*u = -13, -3*v = -u + 6*u - 8. Let l be v/3 + (-1)/(-3). Suppose 116*a + 8943 = 10799. Calculate the highest common factor of l and a.
4
Suppose 0 = 3*t - 2*q + 636, 185 = -3*t - 3*q - 466. Let h = -178 - t. What is the greatest common factor of h and 228?
12
Suppose 2*w + 27 = -1. Let j(y) = y**3 + 13*y**2 - 21*y - 8. Let i be j(w). Calculate the highest common divisor of i and 18.
18
Let x be ((-1)/2)/((-390)/192 - -2). Let p(w) = -w**3 + 15*w**2 + 19*w - 40. Let l be p(x). Calculate the highest common factor of 24 and l.
8
Let b = -3 + 13. Suppose 41 + 67 = t. Let u be (12/36)/((-3)/t*-3). What is the highest common factor of b and u?
2
Let m(d) be the first derivative of d**3/3 + 7*d**2/2 + 7*d + 80. Let z be m(-12). What is the highest common factor of 469 and z?
67
Let v = 143 - 138. Suppose 5*p - 154 = 3*p - 3*b, v*p - 394 = -3*b. Calculate the greatest common factor of p and 5.
5
Let r be 49 + (2/9 - (-208)/36). Suppose 51*c = r*c - 84. Calculate the highest common factor of c and 28.
7
Suppose x - 28 - 336 = 0. Let b(o) = o**3 - 11*o**2 + 32*o + 24. Let v be b(7). Calculate the greatest common divisor of x and v.
52
Suppose -5*b = 4*h + 1151, 17*h - 1154 = 21*h + 2*b. Let m = -239 - h. What is the greatest common divisor of m and 50?
50
Let q = 710 - 713. Let l be 72/18 - (108/4)/q. Calculate the highest common factor of 416 and l.
13
Let m be 33 - (-19)/(266/(-252)). Calculate the highest common divisor of m and 24.
3
Suppose 3*v + 3*g = 7*g - 8, -1 = v - g. Let m be v/(-8) + (-65)/(-2). Let n = 6 + 154. Calculate the greatest common divisor of m and n.
32
Let g = -167 + 172. Let n be 9 - -1*g/5. Calculate the highest common factor of n and 610.
10
Let g be (-9)/4 + 4 - 2/(-8). Let a(w) = 3*w**3 - 4*w**2 + 2*w. Let c be a(g). Suppose -96*f = -95*f - c. Calculate the greatest common divisor of f and 108.
12
Let t be -3*(3 + -5)*(-8)/(-32)*316. Calculate the highest common divisor of t and 2686.
158
Suppose -2 = 4*y - 6, 2*n - y = 23. Suppose -8*w = -662 - 874. Calculate the greatest common divisor of w and n.
12
Let l(u) be the third derivative of u**6/120 + u**5/60 - 7*u**4/24 + 7*u**3/2 - 25*u**2 - 3*u. Let d be l(-4). Calculate the highest common divisor of d and 5.
1
Let p = -2551 + 3418. What is the highest common factor of p and 153?
51
Let c(v) = -35 - 129*v**2 + 253*v**2 - 125*v**2 - 27*v. Let m be c(-24). What is the highest common factor of m and 74?
37
Let n be (-4)/14 - 242/(-14). Let x be (176/55)/((-6)/(-15)). Suppose -4*l + 0 = -x, t - 138 = -l. Calculate the highest common factor of t and n.
17
Let g be 4/(-2) + -2 - -66. Let p = -43 + g. Suppose 3*f = -0*f + 228. What is the highest common divisor of f and p?
19
Let v = -149 + 253. Let x = 118 - v. What is the greatest common divisor of 14 and x?
14
Suppose -18*t - 10 = -23*t. Suppose -2*o + 3*j = t*j - 15, 5*j + 9 = -o. What is the greatest common factor of 6 and o?
6
Let l = 12 + -8. Suppose -2*j = -5*j - 0*j. Suppose -l*i + 108 = -j*i. What is the highest common divisor of i and 135?
27
Suppose 4*c + 53 = -23. Let i = -8 - c. Let l(p) = -2*p**2 + 26*p + 16. Let s be l(i). What is the greatest common divisor of 15 and s?
15
Let j = -9 - -27. Suppose -j - 14 = -4*m. What is the greatest common factor of m and 56?
8
Let n(p) = -7*p**2 + 13*p + 103. Let m(k) = 9*k**2 - 12*k - 103. Let o(h) = 3*m(h) + 4*n(h). Let j be o(19). Calculate the greatest common factor of 115 and j.
23
Let s be (-19)/(152/112) + 3. Let r(l) = l**2 + 8*l + 120. Let x be r(s). What is the greatest common factor of 9 and x?
9
Let o = 14 + -11. Let b(d) = -4*d + 2. Let s be b(4). Let q = 15 + s. What is the highest common factor of o and q?
1
Suppose 10*n - 2910 = -180. Let g = 301 - n. What is the highest common divisor of 36 and g?
4
Let q = -14 + 25. Let x(k) be the second derivative of k**4/12 + k**3/6 - 33*k**2/2 - 22*k. Let f be x(-11). Calculate the highest common factor of q and f.
11
Suppose u = 5*l - 195 - 25, 0 = -5*l - 2*u + 235. What is the greatest common divisor of 15360 and l?
15
Let o = -1763 - -1769. What is the highest common divisor of 87 and o?
3
Let o be ((-560)/(-12))/10 + (-8)/12. Suppose 6 = -2*d + 5*d. Let p(t) = 21*t - 2. Let x be p(d). Calculate the highest common factor of x and o.
4
Let h = -75 - -75. Suppose h = 4*z + z - 3*q - 16, -4*z = -5*q - 18. Let k be 33/(-3 - (-2 - z)) + 1. What is the highest common divisor of k and 374?
34
Let x = -385 - -389. Suppose 5*o - 112 = -3*p, 5*o - x*p - 50 - 34 = 0. Calculate the greatest common factor of o and 380.
20
Suppose 30*b = 33*b + 6. Let m be 13/39*(b - -5). Calculate the greatest common divisor of 19 and m.
1
Suppose -74*m - o = -77*m + 1191, 4*o = 4*m - 1596. Calculate the greatest common divisor of 2684 and m.
44
Let q be 18 - (-2 + (-2 - -2)). Let l be (-2220)/(-110) - (-80)/(-440). Calculate the greatest common divisor of l and q.
20
Let f(h) = 6*h - 50. Let r be f(9). Let j be -1 - (-6)/r*144/27. Calculate the highest common divisor of 63 and j.
7
Let f be (-17 - (-156)/8)/((-5)/(-4)). What is the greatest common factor of 5108 and f?
2
Let d be (1 + -12)/(6/(-12)). Suppose 0 = 5*b - 3*o - 31, -b + 2*o + 3 - 1 = 0. Suppose -d*l = -20*l - b. Calculate the greatest common factor of 20 and l.
4
Let x = -1656 + 1657. Calculate the highest common factor of x and 1213.
1
Suppose -2*t + 16 = 2*t - 4*f, 2*t = 4*f + 10. Suppose -3*z - t*j = -1458, -3*z + 1552 = 4*j + 94. What is the greatest common divisor of 18 and z?
18
Suppose 0 = 4*l - 29 - 27. Suppose l*n - 73 - 95 = 0. Calculate the greatest common divisor of 16 and n.
4
Let m = 745 - 422. Suppose -4*c - u = -76, -2*c + 95 = 3*c - 3*u. What is the highest common factor of c and m?
19
Let o = 1 - -13. Let a = 147666 - 147512. Calculate the highest common factor of a and o.
14
Let j(s) = -s**3 - 41*s**2 - 141*s + 343. Let i be j(-37). Let l(r) = r**2 + 5*r. Let y be l(-8). Let c = 4 + y. What is the highest common divisor of c and i?
28
Let a be (-14)/28 + 101/2 + 0 + 2. Calculate the highest common factor of a and 3159.
13
Suppose -4*i - 473 = -5*m - 35, 0 = 6*m - 2*i - 534. What is the greatest common divisor of 1455 and m?
15
Let c(p) = -p + 1. Let d be c(-4). Suppose -5*q + 180 = 5*l, 2*l - 26 = -d*q + 163. Suppose -2*j - 26 = -3*j. What is the greatest common divisor of q and j?
13
Let v(r) = r**3 + 7*r**2 + 10*r + 3. Let b be v(-5). Suppose b*a + a = -3*h + 258, -4*a - 2*h + 260 = 0. What is the highest common divisor of 6 and a?
6
Let h = 12 + -38. Suppose 26*i + 139 = 1153. Let r = h + i. Calculate the greatest common factor of r and 39.
13
Let u = -464 - -471. Suppose -9*z + u*z + 30 = 0. Suppose -3*b = 0, t - 165 = 5*b - 2*b. Calculate the greatest common factor of t and z.
15
Suppose 46*n - 5324 = 794. What is the highest common factor of n and 152?
19
Suppose -13 - 43 = -28*q. Let s be (26 - -17) + (-8)/q. Calculate the greatest common divisor of s and 1209.
39
Let r be 8/(-3)*(-9)/6 - -540. Let t = 864 - r. Suppose 0 = -3*u + 25 + t. Calculate the greatest common divisor of u and 46.
23
Suppose 6*i - 45 = -3*i. Suppose i*u = u + 20, 5*a + 4*u = 125. Let q be (a/6 + -3)*2 + 2. Calculate the greatest common divisor of q and 21.
3
Let k be ((-1)/(-1)*1)/(-1). Let w be 4/(-4) + 23 - (-2)/k. Let m = 50 + w. What is the greatest common factor of 28 and m?
14
Let j(a) = -2*a**2 - 21*a - 12. Let l be j(-8). Suppose -5*t - 27 = -4*s, -s - 4*t + 3 = 12. Let m = 31 - s. Calculate the greatest common factor of m and l.
28
Suppose 0*m + 14 = m. Let z(s) = 11*s - 28. Let o be z(5). Suppose -8*f + 5*f = -3*y + o, 5*y - 4*f - 50 = 0. Calculate the highest common divisor of y and m.
14
Let k(a) = 2*a**2 + 9*a + 15. Let j be k(8). Let x = j + -203. Calculate the highest common divisor of 9 and x.
3
Let o be 13/(-26) + 9895/38 + 8/76. Calculate the highest common factor of o and 440.
20
Let o(u) = 21*u + 82. Let q be o(11). Suppose 10*r = q + 207. What is the highest common factor of 39 and r?
13
Let q = -22298 + 22300. Suppose -3 + 1 = 2*t + 5*j, 0 = -2*t + 3*j + 14. Suppose -12 = -t*z + 12. Calculate the highest common divisor of z and q.
2
Suppose -2*h + 3*u + 25026 = 0, -37*u = -4*h - 38*u + 50066. Calculate the highest common factor of h and 252.
84
Let g(u) be the 